{"id":11,"date":"2019-08-24T21:44:05","date_gmt":"2019-08-24T19:44:05","guid":{"rendered":"http:\/\/www.test-musique-et-mission.ch\/wp52\/?page_id=11"},"modified":"2025-03-23T10:37:40","modified_gmt":"2025-03-23T09:37:40","slug":"groupe","status":"publish","type":"page","link":"https:\/\/www.musique-et-mission.ch\/index.php\/groupe\/","title":{"rendered":"Notre groupe"},"content":{"rendered":"\t\t<div data-elementor-type=\"wp-page\" data-elementor-id=\"11\" class=\"elementor elementor-11\">\n\t\t\t\t\t\t\t\t\t<section class=\"elementor-section elementor-top-section elementor-element elementor-element-5de77db5 elementor-section-boxed elementor-section-height-default elementor-section-height-default\" data-id=\"5de77db5\" data-element_type=\"section\">\n\t\t\t\t\t\t<div class=\"elementor-container elementor-column-gap-default\">\n\t\t\t\t\t<div class=\"elementor-column elementor-col-100 elementor-top-column elementor-element elementor-element-7ab37486\" data-id=\"7ab37486\" data-element_type=\"column\">\n\t\t\t<div class=\"elementor-widget-wrap elementor-element-populated\">\n\t\t\t\t\t\t\t\t<div class=\"elementor-element elementor-element-1a1ccfb3 elementor-widget elementor-widget-text-editor\" data-id=\"1a1ccfb3\" data-element_type=\"widget\" data-widget_type=\"text-editor.default\">\n\t\t\t\t<div class=\"elementor-widget-container\">\n\t\t\t<style>\/*! elementor - v3.6.7 - 03-07-2022 *\/\n.elementor-widget-text-editor.elementor-drop-cap-view-stacked .elementor-drop-cap{background-color:#818a91;color:#fff}.elementor-widget-text-editor.elementor-drop-cap-view-framed .elementor-drop-cap{color:#818a91;border:3px solid;background-color:transparent}.elementor-widget-text-editor:not(.elementor-drop-cap-view-default) .elementor-drop-cap{margin-top:8px}.elementor-widget-text-editor:not(.elementor-drop-cap-view-default) .elementor-drop-cap-letter{width:1em;height:1em}.elementor-widget-text-editor .elementor-drop-cap{float:left;text-align:center;line-height:1;font-size:50px}.elementor-widget-text-editor .elementor-drop-cap-letter{display:inline-block}<\/style>\t\t\t\t<p><!-- wp:heading --><\/p>\n<h2>Qui sommes-nous ?<\/h2>\n<p><!-- \/wp:heading --><\/p>\n<p><!-- wp:paragraph --><\/p>\n<p>Nous sommes un groupe d&rsquo;\u00e9tudiants et de jeunes professionnels catholiques, dont la mission principale est d&rsquo;animer la messe de 20h \u00e0 St Fran\u00e7ois \u00e0 Renens. Notre vocation est de soutenir la pri\u00e8re de l&rsquo;Assembl\u00e9e par le chant, la musique et divers services. Nous nous attachons donc \u00e0 choisir des ordinaires et d&rsquo;une mani\u00e8re g\u00e9n\u00e9rale des chants en accord avec la liturgie de chaque dimanche.<\/p>\n<p><!-- \/wp:paragraph --><\/p>\n<p><!-- wp:paragraph --><\/p>\n<p>Nous nous retrouvons un dimanche sur deux apr\u00e8s la messe pour un repas partag\u00e9. Nous nous retrouvons aussi plusieurs dimanches apr\u00e8s-midi par an pour r\u00e9p\u00e9ter, apprendre de nouveaux chants. Nous organisons \u00e9galement un \u00e0 deux week-end de travail par an, qui sont aussi l&rsquo;occasion de nous rencontrer diff\u00e9remment par des jeux, des promenades, des repas et des caf\u00e9s philo.<\/p>\n<p><!-- \/wp:paragraph --><\/p>\n<p><!-- wp:group --><\/p>\n<p><!-- \/wp:group --><\/p>\n<p><!-- wp:image {\"id\":368,\"sizeSlug\":\"large\"} --><\/p>\n<p><!-- \/wp:image --><\/p>\n<p><!-- wp:image {\"id\":369,\"width\":582,\"height\":536,\"sizeSlug\":\"large\"} --><\/p>\n<p><!-- \/wp:image --><\/p>\n<p><!-- wp:image {\"id\":371,\"sizeSlug\":\"large\"} --><\/p>\n<p><!-- \/wp:image --><\/p>\t\t\t\t\t\t<\/div>\n\t\t\t\t<\/div>\n\t\t\t\t<div class=\"elementor-element elementor-element-3107b42 elementor-widget elementor-widget-image\" data-id=\"3107b42\" data-element_type=\"widget\" data-widget_type=\"image.default\">\n\t\t\t\t<div class=\"elementor-widget-container\">\n\t\t\t<style>\/*! elementor - v3.6.7 - 03-07-2022 *\/\n.elementor-widget-image{text-align:center}.elementor-widget-image a{display:inline-block}.elementor-widget-image a img[src$=\".svg\"]{width:48px}.elementor-widget-image img{vertical-align:middle;display:inline-block}<\/style>\t\t\t\t\t\t\t\t\t\t\t\t<img width=\"1000\" height=\"667\" src=\"https:\/\/www.musique-et-mission.ch\/wp-content\/uploads\/2022\/12\/IMG_3809.png\" class=\"attachment-large size-large\" alt=\"\" loading=\"lazy\" srcset=\"https:\/\/www.musique-et-mission.ch\/wp-content\/uploads\/2022\/12\/IMG_3809.png 1000w, https:\/\/www.musique-et-mission.ch\/wp-content\/uploads\/2022\/12\/IMG_3809-300x200.png 300w, https:\/\/www.musique-et-mission.ch\/wp-content\/uploads\/2022\/12\/IMG_3809-768x512.png 768w, https:\/\/www.musique-et-mission.ch\/wp-content\/uploads\/2022\/12\/IMG_3809-920x614.png 920w, https:\/\/www.musique-et-mission.ch\/wp-content\/uploads\/2022\/12\/IMG_3809-230x153.png 230w, https:\/\/www.musique-et-mission.ch\/wp-content\/uploads\/2022\/12\/IMG_3809-350x233.png 350w, https:\/\/www.musique-et-mission.ch\/wp-content\/uploads\/2022\/12\/IMG_3809-480x320.png 480w\" sizes=\"(max-width: 1000px) 100vw, 1000px\" \/>\t\t\t\t\t\t\t\t\t\t\t\t\t\t\t<\/div>\n\t\t\t\t<\/div>\n\t\t\t\t<div class=\"elementor-element elementor-element-3adc464 elementor-widget elementor-widget-image\" data-id=\"3adc464\" data-element_type=\"widget\" data-widget_type=\"image.default\">\n\t\t\t\t<div class=\"elementor-widget-container\">\n\t\t\t\t\t\t\t\t\t\t\t\t\t\t\t<img width=\"1000\" height=\"667\" src=\"https:\/\/www.musique-et-mission.ch\/wp-content\/uploads\/2022\/12\/IMG_3824.png\" class=\"attachment-large size-large\" alt=\"\" loading=\"lazy\" srcset=\"https:\/\/www.musique-et-mission.ch\/wp-content\/uploads\/2022\/12\/IMG_3824.png 1000w, https:\/\/www.musique-et-mission.ch\/wp-content\/uploads\/2022\/12\/IMG_3824-300x200.png 300w, https:\/\/www.musique-et-mission.ch\/wp-content\/uploads\/2022\/12\/IMG_3824-768x512.png 768w, https:\/\/www.musique-et-mission.ch\/wp-content\/uploads\/2022\/12\/IMG_3824-920x614.png 920w, https:\/\/www.musique-et-mission.ch\/wp-content\/uploads\/2022\/12\/IMG_3824-230x153.png 230w, https:\/\/www.musique-et-mission.ch\/wp-content\/uploads\/2022\/12\/IMG_3824-350x233.png 350w, https:\/\/www.musique-et-mission.ch\/wp-content\/uploads\/2022\/12\/IMG_3824-480x320.png 480w\" sizes=\"(max-width: 1000px) 100vw, 1000px\" \/>\t\t\t\t\t\t\t\t\t\t\t\t\t\t\t<\/div>\n\t\t\t\t<\/div>\n\t\t\t\t\t<\/div>\n\t\t<\/div>\n\t\t\t\t\t\t\t<\/div>\n\t\t<\/section>\n\t\t\t\t<section class=\"elementor-section elementor-top-section elementor-element elementor-element-68524ee elementor-section-boxed elementor-section-height-default elementor-section-height-default\" data-id=\"68524ee\" data-element_type=\"section\">\n\t\t\t\t\t\t<div class=\"elementor-container elementor-column-gap-default\">\n\t\t\t\t\t<div class=\"elementor-column elementor-col-100 elementor-top-column elementor-element elementor-element-6adbe4a\" data-id=\"6adbe4a\" data-element_type=\"column\">\n\t\t\t<div class=\"elementor-widget-wrap elementor-element-populated\">\n\t\t\t\t\t\t\t\t<div class=\"elementor-element elementor-element-976e3ec elementor-widget elementor-widget-text-editor\" data-id=\"976e3ec\" data-element_type=\"widget\" data-widget_type=\"text-editor.default\">\n\t\t\t\t<div class=\"elementor-widget-container\">\n\t\t\t\t\t\t\t<h2>Notre histoire<\/h2>\n<p>\u00a0<\/p>\n<p>Musique et Mission est n\u00e9 en 2016, partant de la volont\u00e9 de Jana Lackova d&rsquo;assurer la Messe des Jeunes \u00e0 Notre-Dame du Valentin tous les dimanches et non une seule fois par mois. Toute seule et arm\u00e9e de sa guitare, elle est vite rejointe par de nombreuses personnes avec un bagage musical plus ou moins d\u00e9velopp\u00e9, mais toutes attir\u00e9es par la qualit\u00e9 du chant et de la liturgie. La chorale grandit progressivement, est reconnue comme un groupe constitu\u00e9 par la paroisse.<\/p>\n<p>En 2020, du fait des travaux \u00e0 la basilique du Valentin, Musique et Mission d\u00e9m\u00e9nage \u00e0 Renens, \u00e0 la paroisse St Fran\u00e7ois d&rsquo;Assise, pour une dur\u00e9e ind\u00e9termin\u00e9e.<\/p>\t\t\t\t\t\t<\/div>\n\t\t\t\t<\/div>\n\t\t\t\t\t<\/div>\n\t\t<\/div>\n\t\t\t\t\t\t\t<\/div>\n\t\t<\/section>\n\t\t\t\t<section class=\"elementor-section elementor-top-section elementor-element elementor-element-fe7acfc elementor-section-boxed elementor-section-height-default elementor-section-height-default\" data-id=\"fe7acfc\" data-element_type=\"section\">\n\t\t\t\t\t\t<div class=\"elementor-container elementor-column-gap-default\">\n\t\t\t\t\t<div class=\"elementor-column elementor-col-100 elementor-top-column elementor-element elementor-element-7933268\" data-id=\"7933268\" data-element_type=\"column\">\n\t\t\t<div class=\"elementor-widget-wrap elementor-element-populated\">\n\t\t\t\t\t\t\t\t<div class=\"elementor-element elementor-element-cb187a9 elementor-widget elementor-widget-image\" data-id=\"cb187a9\" data-element_type=\"widget\" data-widget_type=\"image.default\">\n\t\t\t\t<div class=\"elementor-widget-container\">\n\t\t\t\t\t\t\t\t\t\t\t\t<figure class=\"wp-caption\">\n\t\t\t\t\t\t\t\t\t\t<img width=\"1000\" height=\"667\" src=\"https:\/\/www.musique-et-mission.ch\/wp-content\/uploads\/2022\/12\/IMG_3720.png\" class=\"attachment-large size-large\" alt=\"\" loading=\"lazy\" srcset=\"https:\/\/www.musique-et-mission.ch\/wp-content\/uploads\/2022\/12\/IMG_3720.png 1000w, https:\/\/www.musique-et-mission.ch\/wp-content\/uploads\/2022\/12\/IMG_3720-300x200.png 300w, https:\/\/www.musique-et-mission.ch\/wp-content\/uploads\/2022\/12\/IMG_3720-768x512.png 768w, https:\/\/www.musique-et-mission.ch\/wp-content\/uploads\/2022\/12\/IMG_3720-920x614.png 920w, https:\/\/www.musique-et-mission.ch\/wp-content\/uploads\/2022\/12\/IMG_3720-230x153.png 230w, https:\/\/www.musique-et-mission.ch\/wp-content\/uploads\/2022\/12\/IMG_3720-350x233.png 350w, https:\/\/www.musique-et-mission.ch\/wp-content\/uploads\/2022\/12\/IMG_3720-480x320.png 480w\" sizes=\"(max-width: 1000px) 100vw, 1000px\" \/>\t\t\t\t\t\t\t\t\t\t\t<figcaption class=\"widget-image-caption wp-caption-text\"><\/figcaption>\n\t\t\t\t\t\t\t\t\t\t<\/figure>\n\t\t\t\t\t\t\t\t\t<\/div>\n\t\t\t\t<\/div>\n\t\t\t\t\t<\/div>\n\t\t<\/div>\n\t\t\t\t\t\t\t<\/div>\n\t\t<\/section>\n\t\t\t\t\t\t\t<\/div>\n\t\t","protected":false},"excerpt":{"rendered":"<p>Qui sommes-nous ? Nous sommes un groupe d&rsquo;\u00e9tudiants et de jeunes professionnels [&hellip;]<\/p>\n","protected":false},"author":4,"featured_media":12,"parent":0,"menu_order":0,"comment_status":"closed","ping_status":"closed","template":"page-templates\/page_fullwidth.php","meta":[],"_links":{"self":[{"href":"https:\/\/www.musique-et-mission.ch\/index.php\/wp-json\/wp\/v2\/pages\/11"}],"collection":[{"href":"https:\/\/www.musique-et-mission.ch\/index.php\/wp-json\/wp\/v2\/pages"}],"about":[{"href":"https:\/\/www.musique-et-mission.ch\/index.php\/wp-json\/wp\/v2\/types\/page"}],"author":[{"embeddable":true,"href":"https:\/\/www.musique-et-mission.ch\/index.php\/wp-json\/wp\/v2\/users\/4"}],"replies":[{"embeddable":true,"href":"https:\/\/www.musique-et-mission.ch\/index.php\/wp-json\/wp\/v2\/comments?post=11"}],"version-history":[{"count":21,"href":"https:\/\/www.musique-et-mission.ch\/index.php\/wp-json\/wp\/v2\/pages\/11\/revisions"}],"predecessor-version":[{"id":756,"href":"https:\/\/www.musique-et-mission.ch\/index.php\/wp-json\/wp\/v2\/pages\/11\/revisions\/756"}],"wp:featuredmedia":[{"embeddable":true,"href":"https:\/\/www.musique-et-mission.ch\/index.php\/wp-json\/wp\/v2\/media\/12"}],"wp:attachment":[{"href":"https:\/\/www.musique-et-mission.ch\/index.php\/wp-json\/wp\/v2\/media?parent=11"}],"curies":[{"name":"wp","href":"https:\/\/api.w.org\/{rel}","templated":true}]}}

<div data-elementor-type="wp-page" data-elementor-id="11" class="elementor elementor-11">
									<section class="elementor-section elementor-top-section elementor-element elementor-element-5de77db5 elementor-section-boxed elementor-section-height-default elementor-section-height-default" data-id="5de77db5" data-element_type="section">
						<div class="elementor-container elementor-column-gap-default">
					<div class="elementor-column elementor-col-100 elementor-top-column elementor-element elementor-element-7ab37486" data-id="7ab37486" data-element_type="column">
			<div class="elementor-widget-wrap elementor-element-populated">
								<div class="elementor-element elementor-element-1a1ccfb3 elementor-widget elementor-widget-text-editor" data-id="1a1ccfb3" data-element_type="widget" data-widget_type="text-editor.default">
				<div class="elementor-widget-container">
			<style>/*! elementor - v3.6.7 - 03-07-2022 */
.elementor-widget-text-editor.elementor-drop-cap-view-stacked .elementor-drop-cap{background-color:#818a91;color:#fff}.elementor-widget-text-editor.elementor-drop-cap-view-framed .elementor-drop-cap{color:#818a91;border:3px solid;background-color:transparent}.elementor-widget-text-editor:not(.elementor-drop-cap-view-default) .elementor-drop-cap{margin-top:8px}.elementor-widget-text-editor:not(.elementor-drop-cap-view-default) .elementor-drop-cap-letter{width:1em;height:1em}.elementor-widget-text-editor .elementor-drop-cap{float:left;text-align:center;line-height:1;font-size:50px}.elementor-widget-text-editor .elementor-drop-cap-letter{display:inline-block}</style>				<p><!-- wp:heading --></p>
<h2>Qui sommes-nous ?</h2>
<p><!-- /wp:heading --></p>
<p><!-- wp:paragraph --></p>
<p>Nous sommes un groupe d&rsquo;étudiants et de jeunes professionnels catholiques, dont la mission principale est d&rsquo;animer la messe de 20h à St François à Renens. Notre vocation est de soutenir la prière de l&rsquo;Assemblée par le chant, la musique et divers services. Nous nous attachons donc à choisir des ordinaires et d&rsquo;une manière générale des chants en accord avec la liturgie de chaque dimanche.</p>
<p><!-- /wp:paragraph --></p>
<p><!-- wp:paragraph --></p>
<p>Nous nous retrouvons un dimanche sur deux après la messe pour un repas partagé. Nous nous retrouvons aussi plusieurs dimanches après-midi par an pour répéter, apprendre de nouveaux chants. Nous organisons également un à deux week-end de travail par an, qui sont aussi l&rsquo;occasion de nous rencontrer différemment par des jeux, des promenades, des repas et des cafés philo.</p>
<p><!-- /wp:paragraph --></p>
<p><!-- wp:group --></p>
<p><!-- /wp:group --></p>
<p><!-- wp:image {"id":368,"sizeSlug":"large"} --></p>
<p><!-- /wp:image --></p>
<p><!-- wp:image {"id":369,"width":582,"height":536,"sizeSlug":"large"} --></p>
<p><!-- /wp:image --></p>
<p><!-- wp:image {"id":371,"sizeSlug":"large"} --></p>
<p><!-- /wp:image --></p>						</div>
				</div>
				<div class="elementor-element elementor-element-3107b42 elementor-widget elementor-widget-image" data-id="3107b42" data-element_type="widget" data-widget_type="image.default">
				<div class="elementor-widget-container">
			<style>/*! elementor - v3.6.7 - 03-07-2022 */
.elementor-widget-image{text-align:center}.elementor-widget-image a{display:inline-block}.elementor-widget-image a img[src$=".svg"]{width:48px}.elementor-widget-image img{vertical-align:middle;display:inline-block}</style>												<img width="1000" height="667" src="https://www.musique-et-mission.ch/wp-content/uploads/2022/12/IMG_3809.png" class="attachment-large size-large" alt="" loading="lazy" srcset="https://www.musique-et-mission.ch/wp-content/uploads/2022/12/IMG_3809.png 1000w, https://www.musique-et-mission.ch/wp-content/uploads/2022/12/IMG_3809-300x200.png 300w, https://www.musique-et-mission.ch/wp-content/uploads/2022/12/IMG_3809-768x512.png 768w, https://www.musique-et-mission.ch/wp-content/uploads/2022/12/IMG_3809-920x614.png 920w, https://www.musique-et-mission.ch/wp-content/uploads/2022/12/IMG_3809-230x153.png 230w, https://www.musique-et-mission.ch/wp-content/uploads/2022/12/IMG_3809-350x233.png 350w, https://www.musique-et-mission.ch/wp-content/uploads/2022/12/IMG_3809-480x320.png 480w" sizes="(max-width: 1000px) 100vw, 1000px" />															</div>
				</div>
				<div class="elementor-element elementor-element-3adc464 elementor-widget elementor-widget-image" data-id="3adc464" data-element_type="widget" data-widget_type="image.default">
				<div class="elementor-widget-container">
															<img width="1000" height="667" src="https://www.musique-et-mission.ch/wp-content/uploads/2022/12/IMG_3824.png" class="attachment-large size-large" alt="" loading="lazy" srcset="https://www.musique-et-mission.ch/wp-content/uploads/2022/12/IMG_3824.png 1000w, https://www.musique-et-mission.ch/wp-content/uploads/2022/12/IMG_3824-300x200.png 300w, https://www.musique-et-mission.ch/wp-content/uploads/2022/12/IMG_3824-768x512.png 768w, https://www.musique-et-mission.ch/wp-content/uploads/2022/12/IMG_3824-920x614.png 920w, https://www.musique-et-mission.ch/wp-content/uploads/2022/12/IMG_3824-230x153.png 230w, https://www.musique-et-mission.ch/wp-content/uploads/2022/12/IMG_3824-350x233.png 350w, https://www.musique-et-mission.ch/wp-content/uploads/2022/12/IMG_3824-480x320.png 480w" sizes="(max-width: 1000px) 100vw, 1000px" />															</div>
				</div>
					</div>
		</div>
							</div>
		</section>
				<section class="elementor-section elementor-top-section elementor-element elementor-element-68524ee elementor-section-boxed elementor-section-height-default elementor-section-height-default" data-id="68524ee" data-element_type="section">
						<div class="elementor-container elementor-column-gap-default">
					<div class="elementor-column elementor-col-100 elementor-top-column elementor-element elementor-element-6adbe4a" data-id="6adbe4a" data-element_type="column">
			<div class="elementor-widget-wrap elementor-element-populated">
								<div class="elementor-element elementor-element-976e3ec elementor-widget elementor-widget-text-editor" data-id="976e3ec" data-element_type="widget" data-widget_type="text-editor.default">
				<div class="elementor-widget-container">
							<h2>Notre histoire</h2>
<p> </p>
<p>Musique et Mission est né en 2016, partant de la volonté de Jana Lackova d&rsquo;assurer la Messe des Jeunes à Notre-Dame du Valentin tous les dimanches et non une seule fois par mois. Toute seule et armée de sa guitare, elle est vite rejointe par de nombreuses personnes avec un bagage musical plus ou moins développé, mais toutes attirées par la qualité du chant et de la liturgie. La chorale grandit progressivement, est reconnue comme un groupe constitué par la paroisse.</p>
<p>En 2020, du fait des travaux à la basilique du Valentin, Musique et Mission déménage à Renens, à la paroisse St François d&rsquo;Assise, pour une durée indéterminée.</p>						</div>
				</div>
					</div>
		</div>
							</div>
		</section>
				<section class="elementor-section elementor-top-section elementor-element elementor-element-fe7acfc elementor-section-boxed elementor-section-height-default elementor-section-height-default" data-id="fe7acfc" data-element_type="section">
						<div class="elementor-container elementor-column-gap-default">
					<div class="elementor-column elementor-col-100 elementor-top-column elementor-element elementor-element-7933268" data-id="7933268" data-element_type="column">
			<div class="elementor-widget-wrap elementor-element-populated">
								<div class="elementor-element elementor-element-cb187a9 elementor-widget elementor-widget-image" data-id="cb187a9" data-element_type="widget" data-widget_type="image.default">
				<div class="elementor-widget-container">
												<figure class="wp-caption">
										<img width="1000" height="667" src="https://www.musique-et-mission.ch/wp-content/uploads/2022/12/IMG_3720.png" class="attachment-large size-large" alt="" loading="lazy" srcset="https://www.musique-et-mission.ch/wp-content/uploads/2022/12/IMG_3720.png 1000w, https://www.musique-et-mission.ch/wp-content/uploads/2022/12/IMG_3720-300x200.png 300w, https://www.musique-et-mission.ch/wp-content/uploads/2022/12/IMG_3720-768x512.png 768w, https://www.musique-et-mission.ch/wp-content/uploads/2022/12/IMG_3720-920x614.png 920w, https://www.musique-et-mission.ch/wp-content/uploads/2022/12/IMG_3720-230x153.png 230w, https://www.musique-et-mission.ch/wp-content/uploads/2022/12/IMG_3720-350x233.png 350w, https://www.musique-et-mission.ch/wp-content/uploads/2022/12/IMG_3720-480x320.png 480w" sizes="(max-width: 1000px) 100vw, 1000px" />											<figcaption class="widget-image-caption wp-caption-text"></figcaption>
										</figure>
									</div>
				</div>
					</div>
		</div>
							</div>
		</section>
							</div>

<p>Qui sommes-nous ? Nous sommes un groupe d&rsquo;étudiants et de jeunes professionnels [&hellip;]</p>
